Let h(x) = -x**2 + 13*x + 2. Let z be h(m). Is (2/z)/((-3)/(-6609)) a composite number?
False
Let k(t) be the first derivative of 8*t**2 - 15*t + 60. Suppose -14 = -4*h - 4*s + 14, -5*s = -10. Is k(h) a prime number?
False
Let i(h) = 2582*h**2 + 320*h + 2945. Is i(-9) a composite number?
True
Let a(d) be the third derivative of -115*d**4/24 + 5*d**3/3 - 672*d**2. Let t(f) = -f**3 - 2*f**2 + 3*f - 3. Let s be t(-3). Is a(s) composite?
True
Let m be 108/(-243) - (-256)/9. Suppose -8*g + 3*g - 3*v = 116, -5*v - 54 = 2*g. Let z = m + g. Is z a composite number?
True
Let k(v) = -37*v**2 + 138*v**2 - 15 + v + 2*v + 90*v**2. Is k(-4) prime?
False
Suppose 0 = 2*f + 4*a + 12150, -30319 = 5*f + 3*a - 7*a. Let k = f - -8622. Suppose -5*z + 4267 = -0*z - c, 2*c - k = -3*z. Is z a prime number?
True
Suppose 9*q + 443469 = -30*q. Let u = -1500 - q. Is u prime?
True
Let u be 708/8 + 9/6. Suppose -f + o + 164 = -u, 2*o = -3*f + 787. Is f a composite number?
True
Suppose -3*m - 4*j = -8, -10 = 2*m - 4*j - j. Let h(w) = w**2 + 2*w + 3337. Is h(m) a composite number?
True
Let n(d) = -109 + 20*d - 28*d - 15*d - 19*d. Is n(-30) a composite number?
False
Suppose 27654 = 5*r - 52736. Is (r - -2)/2 + 2 - 4 a composite number?
True
Suppose -5*m - 27 = -92. Suppose 0*g + 12792 = -m*g. Let r = 167 - g. Is r a prime number?
True
Let x(i) = i**2 + 2*i + 2. Let s be x(-2). Let v be 8/s - 10 - -1*1. Is v*489/(-10)*2 a composite number?
True
Let f(u) = -u**3 - 4*u**2 + 3*u - 10. Let r be f(-5). Suppose -p + 4*p - 6 = r. Suppose -p*c + 4*c = 290. Is c prime?
False
Suppose -2*t - 7 = -0*t + 5*o, 5*t - 3*o = -95. Let i(g) = -3*g**3 - 7*g**2 + 21*g + 7. Is i(t) a prime number?
False
Let u be 16/(-10)*30/(-4). Let o be (-12)/18 + (-18)/(-27). Suppose o = 11*t - u*t + 1461. Is t a composite number?
True
Suppose -5*y = -4*j - 3047007, 89*j - 88*j = -2*y + 1218821. Is y prime?
True
Suppose -8954*m + 771323 = -8929*m - 567402. Is m a composite number?
False
Suppose h - 790699 = -3*c, 2*h - 530366 - 260331 = -3*c. Is c prime?
True
Let o = -100938 + 359543. Is o composite?
True
Suppose 0 = 2*f + 5*y - 671434, -12*f - 1342880 = -16*f - 4*y. Is f composite?
True
Suppose -7*o + 4*o + 12 = 0. Suppose 4*g - 8 = -o*t, -3*t = -2*t + 5. Suppose g*d = 2*d + 290. Is d a prime number?
False
Let d = -6630 - -11318. Suppose 0 = 19*p - d - 21323. Is p composite?
True
Let x = 360 + -358. Suppose x*r - 7*r + 118 = k, 4*k = -3*r + 557. Is k prime?
False
Let c = 135 - 131. Suppose -1558 = -3*d - c*z + 1381, -d - 2*z = -981. Is d composite?
False
Suppose -14*t + 13 = -309. Suppose 25*y - t*y = 12886. Is y composite?
True
Let t = 247 + -227. Suppose 11*d = -t*d + 543151. Is d composite?
True
Let m be (10 - 250/35)/((-2)/(-7)). Is (-1465)/(-7) - m/35 prime?
False
Suppose -3*k = z - 56002, k = 30*z - 29*z - 55982. Is z prime?
True
Let m(c) = -3*c**2 + 30*c + 73. Let h be m(25). Let f = h + 5161. Is f composite?
True
Is (-12 + 12 - (1 - -6)) + 4*4890 a prime number?
True
Suppose -5*g = n + 8, -2*n + 14 = -5*g - 0*g. Suppose 0 = n*l - 17*l + 157200. Suppose l = 3*s + 2*v, -5*s + 4*v + 17466 = 8*v. Is s a prime number?
False
Let y(b) = 69*b**2 - 11*b + 779 - 395 - 387. Is y(-11) a composite number?
False
Suppose -5*s + 4*a + 24 = 0, -5*s - 2*a = 10 - 58. Let k be -27 + s/((-8)/3). Is 5/(k/4)*-213 composite?
True
Suppose -i = x - 1126, 2*i - 5*x + 1148 = 3414. Suppose 8591 = 4*q + 931. Let b = q - i. Is b a composite number?
False
Let o = -33927 + 60236. Is o prime?
True
Let j = -95 + 86. Is (-15)/(-45) - (12579/j + 1) a prime number?
False
Is (-1)/4 - 4057340/(-176) - 64/(-352) composite?
False
Suppose 55*r = 1467735 + 155150. Is r a prime number?
False
Is 3/9*-1 + (-1503836)/(-6) composite?
True
Let h be 90/(-18)*(-4 - -2). Suppose -614 = h*m - 38824. Is m prime?
True
Let o(v) = 2*v**2 + 66*v - 6418. Is o(92) prime?
False
Let i(s) = 49*s**2 + s. Let v be i(1). Suppose 5*a - v = -4*h, -5 = -5*a + 5*h - 0*h. Is (-8136)/(-42) - a/(-21) composite?
True
Let g(f) = f**3 + 17*f**2 + 16*f + 12. Suppose 0 = 8*r - 4*r + 12, -t + 3*r - 7 = 0. Let p be g(t). Let u = 121 - p. Is u composite?
False
Suppose j = 4*b - 4, 4*b + j = 3*j. Suppose b*f - 10 = -3*f. Is (f*1/2)/(1/673) prime?
True
Is (30/12)/(195/3201666) a prime number?
True
Let p = -175 + 174. Is (-2 - p)/((-19)/4997) composite?
False
Let i(f) = -2*f + 13. Let a be i(3). Suppose a*p = 3*p + 12. Is ((-3)/(-3))/((3/1163)/p) a composite number?
False
Let f = 81355 - 47106. Is f a prime number?
False
Let g(d) = -1468*d**3 - 7*d**2 - 6*d - 10. Is g(-3) composite?
False
Suppose 3*r - 2*f - 526725 = 0, 33460 - 209048 = -r + 5*f. Is r a prime number?
True
Suppose -3*b - 3*j + 852 = 0, 2*b - j + 570 = 4*b. Let i = b - 148. Suppose -l + i = -197. Is l a composite number?
True
Let i be 8/10 + 22493/415. Suppose 0 = -i*t + 19*t + 199116. Is t a composite number?
False
Let c = 59308 - -26373. Is c a prime number?
False
Let b(r) = 13*r + 19. Let q be 0 + 21/5 - 10/50. Let f be (-12)/(-4 - q/(-2)). Is b(f) a composite number?
False
Suppose 3*t - 8 = y - 9, 2*y + 5*t - 13 = 0. Suppose -3*z - 3*s = -17160, -3*z + y*s + 17172 = 3*s. Is z composite?
True
Let l be (3062 - 3) + -2 + -4. Let w = l + -1644. Is w prime?
True
Let p(y) = -y**2 - 10*y - 29. Let w be p(-6). Let t(a) = 115*a**2 + 13*a + 3. Is t(w) a composite number?
True
Suppose m + 373 = -29. Is 464/24*m/(-4) a composite number?
True
Let i(g) = -g**2 - 19*g - 32. Let x be i(-17). Let p be (-6)/x + (5 - 514). Let n = -301 - p. Is n a prime number?
True
Let w be 20*(-1 + 2 - -1 - 3). Let q = w - -28. Is (194/q)/(59/(-20) + 3) a prime number?
False
Suppose 5*r - 10 = -0. Let a = 336 - 333. Suppose -3*l = a*k - 1359, 4*k - r*l = -3*l + 1800. Is k composite?
False
Let d be (4/6 + 44/6)/2. Suppose 5*p = -d*q - 25, 0 = -2*p - 3*p - 25. Suppose 379 = -q*r + r. Is r composite?
False
Let a(f) = -f**3 + 14*f**2 - 13*f + 5. Let c be a(13). Let q be ((-4)/8)/(c/6920). Let b = -141 - q. Is b composite?
True
Let y(k) = -22806*k + 407. Is y(-7) a prime number?
True
Let s(f) be the third derivative of 1/24*f**6 + 0 + 37*f**2 + 1/24*f**4 + 0*f - 2/15*f**5 - 11/6*f**3. Is s(8) composite?
True
Suppose 7*r + 5518 = -1468. Let x = 1857 + r. Is x a prime number?
True
Let x = -112 + 104. Is (x - (-32206)/4)*2 a composite number?
False
Is (1 + 332742/15)/(18660/(-750) + 25) a composite number?
True
Suppose -134 = -8*s + 1378. Is 4/(-18) + 396564/s a composite number?
True
Let i(p) = 130*p - 48. Let z be i(9). Suppose 2*r + 4*t = z, 5*r + t = 2*t + 2860. Is r a prime number?
True
Let i = -657 + 855. Let q(h) = -3*h - 1. Let o be q(-2). Suppose -1043 = -o*l - i. Is l a composite number?
True
Suppose 0 = g + 10 - 18. Suppose 5*k = a + 2386, -3*a = -g*a - 5. Suppose -2*h - 4 = 0, 3*l - 5*h - k = 3616. Is l composite?
False
Let a = 424 - 420. Let r(q) = 94*q + 121. Is r(a) composite?
True
Let t(f) = f. Let l(j) = 48*j - 34. Let z(m) = -l(m) + 3*t(m). Let y be z(-20). Let w = y - 553. Is w composite?
True
Let x(w) = -3610*w - 4427. Is x(-28) a prime number?
False
Suppose -165*k + 3*y = -161*k - 70360, -3*k + 52749 = 3*y. Is k a prime number?
False
Let c = 28 + -13. Let h(u) be the third derivative of u**5/15 - 19*u**4/24 - 16*u**3/3 + 22*u**2 - 3. Is h(c) a composite number?
True
Suppose 12*y - 75 = 273. Suppose 5*n - 140 = -5*p - 0*n, 3*p + 5*n - 76 = 0. Suppose -p*r + y*r = -879. Is r composite?
False
Suppose 0*w = w + u - 4363, 2*w + 5*u - 8729 = 0. Suppose -5*d + 5*z + 21955 = 9*z, -5*z = -d + w. Is d composite?
True
Let d = -3005 + 34552. Is d prime?
True
Let p(y) = 11*y + 2*y + 8 - y**3 - 2*y - 1 - 10*y**2. Let o be (0 + (4 - 3))/(9/(-135)). Is p(o) composite?
False
Suppose 7*s + 4*s = -30*s + 5832373. Is s a composite number?
True
Let k = 126872 + 175673. Is k a prime number?
False
Let j be 29752/(-10)*2/((-10)/25). Is (j/(-20))/(6/(-30)) a composite number?
False
Suppose -5*c = 4*q - 3609315, -8 - 17 = -5*q. Is c prime?
True
Let s = 9 + -3. Let b(d) = -2*d**3 - 3*d**2 + 7*d + 9. Let x be b(-2). Is (-179 - x)*(-39)/s a prime number?
False
Let h(a) = 50*a**2 + 23*a - 18. Is h(-23) a composite number?
False
Suppose 0 = -7*x - 10 + 17. Let t be (x*-2)/(3 - -1 - 5). Suppose -t*n + 11995 = 2417. Is n a composite number?
False
Is 5 - (-134752 + 6/